ber?
True
Is 4201 a prime number?
True
Is 24515 a prime number?
False
Is 270191 composite?
False
Is 23957 a composite number?
False
Is 7753 a prime number?
True
Is 24443 composite?
False
Is 27329 a composite number?
False
Is 29117 prime?
False
Is 398843 composite?
True
Is 83969 a composite number?
False
Is 9897 composite?
True
Is 240763 a prime number?
True
Is 1403 composite?
True
Is 311511 composite?
True
Is 504073 prime?
True
Is 347379 a composite number?
True
Is 104449 prime?
False
Is 2533 prime?
False
Is 107197 prime?
True
Is 53 prime?
True
Is 474527 a composite number?
True
Is 3641 prime?
False
Is 40381 a composite number?
True
Is 64367 a composite number?
True
Is 124337 a prime number?
True
Is 396079 a composite number?
False
Is 2287 a prime number?
True
Is 3491 prime?
True
Is 89367 prime?
False
Is 64969 a prime number?
True
Is 29846 a composite number?
True
Is 264139 prime?
True
Is 509101 a composite number?
False
Is 614258 a prime number?
False
Is 8419 composite?
False
Is 200059 composite?
True
Is 160707 a composite number?
True
Is 197803 composite?
False
Is 112609 a composite number?
True
Is 319541 prime?
True
Is 77963 composite?
True
Is 10411 composite?
True
Is 557 prime?
True
Is 12637 a composite number?
False
Is 35491 composite?
False
Is 32749 composite?
False
Is 11597 prime?
True
Is 17693 a composite number?
True
Is 210391 a composite number?
False
Is 430991 a prime number?
False
Is 2896765 a composite number?
True
Is 41443 a composite number?
False
Is 556391 composite?
True
Is 65287 composite?
False
Is 3389 a prime number?
True
Is 162341 prime?
False
Is 41813 a composite number?
False
Is 43777 a prime number?
True
Is 109207 a composite number?
True
Is 1901 a composite number?
False
Is 3347 composite?
False
Is 386471 a composite number?
False
Is 101737 a prime number?
True
Is 433847 prime?
True
Is 97877 composite?
True
Is 583093 a prime number?
False
Is 2473 a prime number?
True
Is 1973 composite?
False
Is 68282 a prime number?
False
Is 29242 a prime number?
False
Is 113591 composite?
False
Is 7073 a prime number?
False
Is 133303 prime?
True
Is 154337 a composite number?
True
Is 22603 a prime number?
False
Is 71681 a composite number?
True
Is 325355 prime?
False
Is 21011 a composite number?
False
Is 28151 prime?
True
Is 22693 composite?
True
Is 247541 composite?
True
Is 115655 a prime number?
False
Is 78041 a composite number?
False
Is 34807 a prime number?
True
Is 39499 composite?
False
Is 13309 composite?
False
Is 324055 a prime number?
False
Is 17543 prime?
False
Is 5859119 a composite number?
True
Is 15293 composite?
True
Is 8441 a composite number?
True
Is 5713 a prime number?
False
Is 16411 prime?
True
Is 6824507 composite?
False
Is 16561 a prime number?
True
Is 7331 a composite number?
False
Is 13951 a prime number?
False
Is 12421 composite?
False
Is 627659 a prime number?
True
Is 18671 a composite number?
False
Is 7895 prime?
False
Is 68867 a composite number?
True
Is 33262 prime?
False
Is 1081901 a composite number?
False
Is 125863 composite?
False
Is 5953 a composite number?
False
Is 14233 prime?
False
Is 5873 composite?
True
Is 422711 composite?
False
Is 105289 a prime number?
False
Is 10799 a prime number?
True
Is 304347 a composite number?
True
Is 45159 a composite number?
True
Is 5890129 a prime number?
False
Is 50087 a prime number?
True
Is 48299 prime?
True
Is 205237 prime?
True
Is 7313 a composite number?
True
Is 79043 a composite number?
False
Is 15401 a composite number?
False
Is 18841 composite?
True
Is 9619 composite?
False
Is 23781 a composite number?
True
Is 151978 prime?
False
Is 127951 composite?
False
Is 485479 prime?
True
Is 35209 composite?
True
Is 2443 a prime number?
False
Is 481 composite?
True
Is 6711 composite?
True
Is 22109 composite?
False
Is 919 a composite number?
False
Is 24197 prime?
True
Is 688501 a prime number?
False
Is 347 a composite number?
False
Is 501271 prime?
True
Is 513965 a prime number?
False
Is 7069 a prime number?
True
Is 27647 a composite number?
False
Is 1454942 a composite number?
True
Is 1483411 composite?
False
Is 776837 prime?
True
Is 8717 a composite number?
True
Is 40997 a prime number?
False
Is 3401 prime?
False
Is 2459 a composite number?
False
Is 89483 prime?
False
Is 135131 a prime number?
True
Is 23799 composite?
True
Is 5027 prime?
False
Is 4117 composite?
True
Is 53969 a composite number?
True
Is 20761 a prime number?
False
Is 1201 prime?
True
Is 419 a composite number?
False
Is 1789649 a composite number?
False
Is 12701 a composite number?
True
Is 1223047 a composite number?
True
Is 12071 composite?
False
Is 1313 a prime number?
False
Is 1504057 prime?
True
Is 44617 a prime number?
True
Is 97655 a composite number?
True
Is 51713 a prime number?
True
Is 844937 composite?
True
Is 150827 a composite number?
False
Is 20849 composite?
False
Is 142657 composite?
False
Is 2991 a composite number?
True
Is 31531 composite?
False
Is 1272787 prime?
False
Is 17657 a prime number?
True
Is 3385 composite?
True
Is 5251 composite?
True
Is 7664645 a composite number?
True
Is 8803 a composite number?
False
Is 7445 a prime number?
False
Is 2321 a prime number?
False
Is 735689 a prime number?
True
Is 68633 composite?
False
Is 157091 a prime number?
False
Is 863269 a composite number?
True
Is 31051 a composite number?
False
Is 439643 composite?
True
Is 27883 composite?
False
Is 139229 a prime number?
False
Is 1380469 a prime number?
True
Is 11101 a prime number?
False
Is 16729 prime?
True
Is 91079 a prime number?
True
Is 1546093 prime?
True
Is 2053 prime?
True
Is 425795 a prime number?
False
Is 4295507 prime?
True
Is 3221 prime?
True
Is 296759 a composite number?
True
Is 17873 a composite number?
True
Is 116007 composite?
True
Is 9665 a composite number?
True
Is 90109 a composite number?
True
Is 29353 a composite number?
True
Is 56381 prime?
False
Is 21887 prime?
False
Is 46217 a prime number?
False
Is 793885 prime?
False
Is 5663 composite?
True
Is 13873 a composite number?
False
Is 103001 a composite number?
False
Is 258539 a prime number?
True
Is 47111 prime?
True
Is 2009507 prime?
False
Is 506543 a composite number?
True
Is 12839 a prime number?
False
Is 1626621 a composite number?
True
Is 1119481 a prime number?
False
Is 37253 a prime number?
True
Is 100783 a prime number?
False
Is 90787 a composite number?
False
Is 16871 composite?
False
Is 70102 a composite number?
True
Is 195403 a prime number?
False
Is 154667 composite?
False
Is 218549 a composite number?
False
Is 22091 composite?
False
Is 103951 a composite number?
False
Is 59509 a prime number?
True
Is 1212451 composite?
True
Is 123749 a prime number?
False
Is 157579 a prime number?
True
Is 803 prime?
False
Is 506063 prime?
False
Is 43657 composite?
True
Is 804319 a composite number?
True
Is 901837 composite?
True
Is 3424081 prime?
False
Is 12459 a prime number?
False
Is 111949 prime?
True
Is 4529 composite?
True
Is 6287 a composite number?
False
Is 30161 composite?
False
Is 238843 composite?
True
Is 22937 prime?
True
Is 921 a composite number?
True
Is 296921 a prime number?
True
Is 2785 composite?
True
Is 5545 composite?
True
Is 293173 a prime number?
True
Is 786397 a prime number?
False
Is 2805943 composite?
True
Is 242281 composite?
True
Is 7113 prime?
False
Is 309651 composite?
True
Is 182023 prime?
False
Is 399031 a prime number?
True
Is 222763 a composite number?
True
Is 576881 a composite number?
False
Is 248389 a composite number?
False
Is 14302 a composite number?
True
Is 90955 a composite number?
True
Is 631381 prime?
False
Is 229897 a prime number?
True
Is 190195 a composite number?
True
Is 349329 composite?
True
Is 32711 composite?
True
Is 301343 prime?
False
Is 2778793 a prime number?
True
Is 136973 composite?
False
Is 312749 a prime number?
False
Is 22615 a composite number?
True
Is 513829 prime?
True
Is 1259 composite?
False
Is 419 a composite number?
False
Is 18371 a composite number?
False
Is 986363 composite?
True
Is 5541 a prime number?
False
Is 2837 prime?
True
Is 52307 prime?
False
Is 52267 a composite number?
False
Is 207001 prime?
False
Is 7222615 composite?
True
Is 118691 a prime number?
True
Is 26929 a composite number?
True
Is 271847 a composite number?
True
Is 792443 a composite number?
Fals